prime factors of m(1)?
2
Let c = 38 + -13. Let f = c - 6. What are the prime factors of f?
19
Let g = 85 - 44. Let n = -25 + g. Suppose -t - 24 = -5*t - 4*b, -2*t + n = -2*b. What are the prime factors of t?
7
Let n = -41 + 80. Suppose 4*t - s - 47 = 0, -s + n = 3*t + 2*s. List the prime factors of t.
2, 3
Let q(g) = -26*g - 1. List the prime factors of q(-1).
5
Let w(f) = -f**3 - 9*f**2 - f - 7. Let g be w(-9). Suppose g*c = -c + 9. Suppose 0 - 12 = -c*s. List the prime factors of s.
2
Let h = -8 - -7. List the prime factors of h - -17 - (1 - 1).
2
Suppose 4*u = 3*q - 2 + 12, -5*u = -q - 7. Suppose -v + 5*b = -30, 1 + u = b. What are the prime factors of v?
2, 5
Suppose 0*v - 3 = -v, 2*j + 8 = 4*v. Suppose 0*l = j*l - 12. List the prime factors of (84/(-18))/((-4)/l).
7
Suppose -25 = -z + 11. What are the prime factors of z?
2, 3
Suppose 2*q = -q + 6. Suppose 2*h - h = -q. What are the prime factors of (-1)/(-2) - 17/h?
3
What are the prime factors of -22*(-3 + 4/8)?
5, 11
Let z be ((-1)/4)/(2/(-152)). Suppose -d + z = 3. What are the prime factors of d?
2
Let m = -7 - -5. Let w be (-2)/m - (-6)/(-2). Let p = w - -4. What are the prime factors of p?
2
Let t = -1 - -3. Suppose 24 = t*v + v. List the prime factors of v.
2
Suppose -4*h + 6*h - 74 = 0. What are the prime factors of h?
37
Let v = 31 - 16. Let t be 4/10 - (-24)/v. Suppose -t*b + 26 = 4*w, 3*w = -w - b + 31. List the prime factors of w.
3
Suppose -t + 7 = -5. List the prime factors of t.
2, 3
What are the prime factors of 11 + 1 + 1 - 0?
13
Let t(b) = -b**2 - 7*b - 2. What are the prime factors of t(-5)?
2
Suppose 3*s = s - 2*c + 20, 3*s + 4*c = 33. Let p(h) = -h**3 + 6*h**2 + 9*h - 5. List the prime factors of p(s).
3
Suppose -3*x + 3*s + 13 = 2*s, 2*x - 4*s - 22 = 0. Suppose 0 = c - 4*c. Suppose -4*z = -p - 39, c*z - 4*p - x = z. What are the prime factors of z?
3
Let z be 2 + 3/(-9)*-3. Suppose m - z*m + 60 = -3*h, -3*h - 141 = -5*m. List the prime factors of m.
3
Let h be (0 + 2 - 4) + 41. Suppose 5*v - 86 - h = 0. List the prime factors of v.
5
Let n = 14 + -4. Suppose -s = -4*g - 18, -3*g = -4*g - 4. Suppose 5*x + 0*x = -s*c + 11, 5*c = 5*x + n. What are the prime factors of c?
3
Let y(o) = o - 8*o + o + o**2 - 11. List the prime factors of y(8).
5
Let c = 5 + 63. What are the prime factors of c?
2, 17
Suppose -4*g + 3*g = -2. Let y be -2 - -7 - 1*g. Suppose 3*b + v + y = 19, -2*b = v - 12. What are the prime factors of b?
2
Suppose -2*b = 3*d + b - 18, -5*b = -d - 6. Suppose 6 = -d*g + 26. Suppose 35 = 3*t + g. List the prime factors of t.
2, 5
Suppose -15 = -k + 4*k, -330 = -5*m - 3*k. List the prime factors of m.
3, 23
Suppose -l + 2*l + 8 = 0. Let d = l - -4. Let m = d + 9. What are the prime factors of m?
5
Suppose 0 = -n - 9 + 12. What are the prime factors of n?
3
Let q be (2 - -1)/(-3) - -3. Suppose q*d - 4 = d. What are the prime factors of d?
2
Suppose 0 = 7*q - 3*q - k - 2, 0 = -5*q + 3*k + 6. Suppose 2*n + 3*n - 155 = q. What are the prime factors of n?
31
Let b(j) = -33*j + 1. List the prime factors of b(-2).
67
List the prime factors of (-28)/196 + (-624)/(-7).
89
Suppose i - 312 = 5*i. What are the prime factors of (0 - 1)*i/2?
3, 13
Let d(f) = f**2 + f + 4. Let l(m) = -2*m - 1. Let c be l(2). Let i be d(c). Let v = -13 + i. List the prime factors of v.
11
Let z(c) = -5*c + 1. Let x be z(1). Let n(k) = -k + 21. Let i be n(0). List the prime factors of (x/(-6))/(2/i).
7
Suppose -30 = -4*b + 2*l, -b + 3*l + 11 + 4 = 0. What are the prime factors of ((-30)/(-4))/(b/12)?
3, 5
Suppose f - 3 = -2*f. Suppose 4*n - 22 = -3*m, -4*m - 5 + f = -3*n. Suppose d - 4 = -r + 8, -m*d + 24 = -r. What are the prime factors of d?
2, 3
Let i = 0 + -1. Let m = i + 0. Let f = m + 15. What are the prime factors of f?
2, 7
List the prime factors of (-6 + 3 + 5)*130/4.
5, 13
Suppose 2*z = -4*r - 2*z + 1484, 3*r + 5*z - 1119 = 0. List the prime factors of r.
2, 23
Let f = 45 + -17. Suppose -4*a - 2 = 2*x - 0, -2*a - f = -2*x. List the prime factors of x.
3
Let q be 0 - (0 + -1)/1. Suppose 11 = b - 3*p, b + p + 2 = q. Suppose -4*o = 3*v + v, b*o = -6. What are the prime factors of v?
3
Let x(f) be the third derivative of f**6/120 + 3*f**5/20 + 7*f**4/24 - f**3 - 4*f**2. Let g be x(-8). What are the prime factors of -7*4*(-1)/g?
2, 7
Let z(j) = -j**2 + j + 1. Let c(l) = 5*l**2 + 7*l + 7. Let i(r) = c(r) - 6*z(r). Let v = -3 + 2. What are the prime factors of i(v)?
11
Let t(y) = -52*y + 1. Let v be t(1). Let h = 101 + v. Suppose 0 = 4*f - h - 2. List the prime factors of f.
13
Let i(t) = t + 4. Let o be i(-10). Let y(h) = -h**3 - 4*h**2 + 5*h - 5. List the prime factors of y(o).
37
Let y = -18 - -20. Suppose 0 = 5*o - y*o - 105. What are the prime factors of o?
5, 7
Suppose x - 24 = -5*g, 3*x = -3*g + 8*g - 8. Let d = -6 + 9. Suppose -3*i - 29 = -x*w, -5*w - d*i + 36 = -7*i. List the prime factors of w.
2
Suppose -11*o + 2660 = -o. List the prime factors of o.
2, 7, 19
Let v = 233 + -128. Suppose 0 = 4*s - 7 - v. List the prime factors of s.
2, 7
Let f = 83 + -43. What are the prime factors of f?
2, 5
Let g be 4*(-22)/(-6)*3. Let c = g - 31. What are the prime factors of c?
13
Suppose -42 = -3*o + 849. List the prime factors of o.
3, 11
Let u = 40 - -42. What are the prime factors of 4/(-6) - u/(-6)?
13
Let r(t) = -t - 1. Let p be r(-1). Suppose j + 2*w - 14 = -p*w, 34 = j - 2*w. List the prime factors of j.
2, 3
Let b = 7 + -5. Suppose 13 = p - 2*w, w = b*p - 4 - 7. What are the prime factors of p?
3
Let d be (-206 - -10)/(2/(-2)). Suppose 41 = -5*m + 1. List the prime factors of m/(-20) + d/10.
2, 5
Suppose -2*y + 4*n = 16, -2*y + 4*y = 5*n - 15. Let k = y + 16. List the prime factors of k.
2, 3
Let f = 2 + 0. Suppose -7*c + 3*c - 4*y = -40, -f*y = 4. List the prime factors of c.
2, 3
Let b(z) be the third derivative of -z**5/60 + 3*z**4/8 - 7*z**3/6 - 3*z**2. List the prime factors of b(6).
11
Let z(u) be the second derivative of 2*u + 1/12*u**4 + 3/2*u**3 + 2*u**2 + 0. What are the prime factors of z(-10)?
2, 7
Let l(x) = 22*x**2 - x - 7. List the prime factors of l(3).
2, 47
Suppose 2 + 1 = -3*o. Let i be (2 + -3 - -2) + o. Suppose -3*n + i*q + 34 = -5*q, -2*q = 3*n + 1. List the prime factors of n.
3
Let u = 2 + 2. Suppose u*p - 10 = -274. What are the prime factors of 1/(-3) - p/9?
7
Suppose -3*y + 475 = 2*y. What are the prime factors of y?
5, 19
Let r be 3*3/18*140. Suppose -6*i + i + 25 = 0. Suppose i*u + 5*w - r = 0, 2*u + 4*w = 9 + 25. What are the prime factors of u?
11
Suppose -42 = 3*k - 3*v, v + 12 = -k + 2. List the prime factors of 3 + -1 + 0 - k.
2, 7
Let f(t) be the second derivative of -t**6/360 + 3*t**5/40 + t**4/2 + t**3/3 - 2*t. Let b(c) be the second derivative of f(c). List the prime factors of b(9).
2, 3
Let s(u) = u**3 + 6*u**2 + 3. Let q be s(-6). Let d(t) = t**2 + 4*t + t**3 - 2*t - q*t**2 + 0*t**2. What are the prime factors of d(2)?
2
Suppose 7*a = 28 + 98. What are the prime factors of a?
2, 3
Let k(c) = -3*c - 1. Let p(i) = i**3 - 9*i**2 + 8*i + 8. Let r be p(8). Let g(a) = a - 10. Let s be g(r). What are the prime factors of k(s)?
5
Let x(w) = w**3 - w**2 + 4*w - 2. List the prime factors of x(3).
2, 7
Let j(t) = 21*t**3 - t**2 + 1. Suppose -3*n + 2 = -1. List the prime factors of j(n).
3, 7
Let y(k) = k**2 + 5*k + 6. Let g(w) = 2*w**2 + 11*w + 13. Let x(a) = -3*g(a) + 7*y(a). Let p be x(-3). What are the prime factors of ((-32)/p)/(3/(-9))?
2
Let w(g) = -2*g - 13. What are the prime factors of w(-12)?
11
List the prime factors of 2/(8/(-3516)*-3).
293
Let c(j) be the first derivative of j**4/2 + 4*j**3/3 + j**2 - 3*j - 4. List the prime factors of c(2).
3, 11
Let g = 104 + -49. What are the prime factors of g?
5, 11
Suppose 0*u - 22 = -u + 4*w, 4*u - 46 = -5*w. What are the prime factors of u?
2, 7
Suppose -3*n + 34 - 10 = 0. What are the prime factors of (1 + 2)/(6/n)?
2
Let m = 6 + -4. Suppose 3*h = -9, -f + 8 = f - m*h. List the prime factors of 6/4 + f/2.
2
List the prime factors of 3/15 + (-436)/(-20).
2, 11
Let y = -149 - -224. What are the prime factors of y?
3, 5
Let o = -11 - -36. What are the prime factors of o?
5
Let t(q) = -q**3 - 8*q**2 - q - 16. What are the prime factors of t(-9)?
2, 37
Let v(n) = n + 10. Suppose 3*a - 10 - 23 = 0. What